 -186?
56
What is 51 + -48 + (-3 - 12) - -6 - -33?
27
Evaluate 1756 + -1769 + (-1 - 14).
-28
Evaluate -33 + 31 + -6 + 2 + -3 + 3 + 8.
2
(-55 + 68 - 21) + (2 - 1) + 16
9
What is the value of -1 + -16 - -4 - (50 - (3 - -9))?
-51
What is 24 - (-6 + -74 + -4 + 40)?
68
What is -7 + (38 - -2) - (-5 + -3 + 3 + 3)?
35
What is the value of (-27 - (8 + -31)) + 3 + -6 - (-84 - 0)?
77
What is the value of -24 + 26 + 41 + (-2 - 0) + 13 + -1?
53
What is the value of -102 - (-79 - (-56 + 61))?
-18
Evaluate 0 + (-3 - -1) + 87 + 127 + -132.
80
What is (82 - 59 - 14) + (1 - (1 + -3)) + -31?
-19
Evaluate -9 - (-80 - (-3 - (2 - (5 + -11)))).
60
What is the value of 164 + -171 + (-2 - -1 - -2) + (55 - -4)?
53
Evaluate 1 - (-18 + -4) - (-38 + 84 + -52).
29
Evaluate -13 + (0 + -9 - (234 + -239)).
-17
Calculate 2 - ((26 - 44) + (-9 - -42)).
-13
What is (-51 - -11 - 7) + (-8 - -33 - 13)?
-35
Calculate -10 - -2 - (1 + (-10 - -8)) - (37 - 50).
6
Evaluate 32 - 3 - (-7 + 1 - (1 + -7)).
29
What is -1 + -51 + (1 - (6 + 30 + -17 - 10))?
-60
What is the value of 28 - (-129 + 255 + -103)?
5
Evaluate (28 + (28 - 40) - 5 - (1 + 10)) + 12.
12
What is (52 - (0 - -17)) + (-16 - -35)?
54
What is the value of (-583 - -682) + (1 - 59)?
41
Evaluate 32 + (19 - (-3 - -8 - (-9 - (-3 - 1)))).
41
What is -1 + 4 + (-3 - 3) + -28 + 8 + -23?
-46
Evaluate ((1 - 4) + 32 - (-1 + 4)) + (-7676 - -7667).
17
What is 40 + (3 - -16) + (25 - 19)?
65
What is -30 + 50 + 25 + 2 + -5?
42
What is (-69 + 30 - -19) + 23 - -13?
16
What is (16912 - 16924) + (1 - 0 - 22) + 4?
-29
Calculate -149 + 115 - 37 - -7.
-64
(2 + -1 + 12 - (0 + 1)) + (1175 - 1105)
82
What is -28 + 35 + -24 + 10 + 16?
9
What is (24 - 52) + 53 + 2?
27
Calculate -4 - (-36 + 16 + -16) - (-12 + 1).
43
Calculate 84 + -74 - ((-9 - -12) + (3 - 1) - -13).
-8
What is -30 - ((263 - 265) + -13 + -1)?
-14
Calculate (3 + -22 - (119 + -157)) + 66.
85
Evaluate 3 + -1 + -13 - (20 + -19 + -203 - -55).
136
What is the value of (-1 - 28) + (-69 - (92 + -254))?
64
What is the value of -231 - (-31 - (135 + -45))?
-110
Evaluate 18 - (13 + -9 + (5 - 18) + 7).
20
Evaluate 23 + (3 - -1) + (67 - 67) - 14.
13
Evaluate -36 + (-23 - (-69 + 49) - 117).
-156
What is 21 - (3 + (-4 - 30))?
52
What is 144 + -85 + -167 - -7?
-101
23 + (237 - 299 - (-2 + 10))
-47
Calculate 3 + 2 + -1 + 170 + -176 - (4 + -87).
81
(54 - 11) + (-84 - 3)
-44
What is 26 + 20 + -11 + 13 - 6?
42
What is the value of 64 + 239 - 157 - 111?
35
What is -21 + (126 - 77 - (-2 - 12))?
42
Evaluate -44 - (-278 + 113 + 93).
28
Calculate 5 + (10 + 72 - 50).
37
Evaluate -19 - (28 + (-54 - -55)).
-48
What is -69 - (96 + -116 - (11 + 4))?
-34
What is -40 + -1 - (135 + (-72 - 66))?
-38
What is -1 + 26 + (-23 - -42) + 23 + -54 - -103?
116
9 + -25 + (-36 - -11) + -7
-48
What is -273 + 298 - (23 - -6)?
-4
Evaluate -90 + 181 + (78 - 83).
86
What is -17 + (76 - 20) - 22 - (23 + 6)?
-12
Evaluate (6 + -3 + -53 - (6 + -16)) + 11.
-29
What is the value of -8 + -72 + 57 + -49 - 41?
-113
What is the value of 47 + 0 - (-2504 + 2614)?
-63
-5 + 5 + 8 + -10 + (13 - 57) + 7
-39
Evaluate 46 + 5 - (1 + -4 + (13 - 23)).
64
Calculate (0 - -32) + -117 + 66 + -24.
-43
Evaluate 17 - (14 + -16 + 40 + -4).
-17
Calculate 0 + (23 - 0 - 3) - (312 + -377).
85
Calculate (22 - (1 - 2)) + (-25921 - -25903).
5
What is the value of (4 + 17 - 20) + -5 + 0 + -9?
-13
What is -2 + -1 + 435 + -421 + -3 - (0 + 15)?
-7
What is the value of 24 + -21 - (-6 + (81 - (-2 + 3)) + 4)?
-75
41 + (-4 - (-10 + -4 - (-19 - 0)) - -20)
52
What is 154 + -131 - (35 + 6)?
-18
What is the value of 0 + -1 - -2 - 15 - (312 - (746 - 427))?
-7
Calculate 16 + (87 + -85 - (2 + 1)) - -23.
38
What is the value of 2 + 3 - ((-4 - -3 - 40) + 328 + -329)?
47
11 + 2 - (53 + (0 + 0 - (36 - 54)))
-58
(-8 - -16) + 0 - (64 + 1 + -13)
-44
What is the value of 8 + -16 - (-3 + -14 - -10)?
-1
What is the value of -1 + -38 + (-82 - -120) + 21?
20
What is -29 - (44 + -65 + -9)?
1
6 + (25 - (2 + 16 - 0)) + -1
12
-68 + 40 - (13 + -1 + -1)
-39
Calculate (37 - (10 + 1)) + -3 + 6 + -7 + 9.
31
Evaluate 116 + (0 - 13) + -6 + -2 + (16 - 2).
109
What is (-172 + 178 - (-10 + -1)) + -23 - (6 - 0)?
-12
What is the value of (-84 - -57 - (-16 + 2)) + 23?
10
Calculate 7505 - 7462 - (-41 - 0).
84
Calculate (3 - 7) + (-1 - -1) + 6 + (-3 - 65).
-66
14 + 0 + (739 - 754) + 3 + 15
17
What is the value of -1582 + 1787 - (3 + 85)?
117
(11 - (0 + 13)) + 11 - 11 - 37
-39
Evaluate (42 + -100 - -42) + (5 - 0) - 64.
-75
Calculate 55 - (-14 - (2 + -14 + 27)).
84
What is the value of -10 - ((13 - (-8 + -5)) + -11 + -3)?
-22
Calculate -57 + -41 + 47 + (0 - -15).
-36
Evaluate -26 + 0 + (48 - 209) + 130.
-57
What is the value of (53 - (11 - -67)) + -3?
-28
What is 37 + -30 - (5 + 3 - (98 + 2)) - 16?
83
Evaluate (-108 - -233) + 8 + -11 + -1 + -7.
114
What is 6 - (24 - -23) - -42?
1
82 - 0 - 0 - (-8 + (4 - -28) + -14)
72
Evaluate 5 + (0 - 1 - -1 - -3) + -160 + 181.
29
Evaluate 0 + 15 + (54 - (149 - 37)).
-43
Calculate 17 - (50 + 1 - 21) - (-1 - 10).
-2
Calculate -14 - (-87 + 112) - -29.
-10
Evaluate (-23 - (-16 + 5)) + 21 + 26 - 1.
34
(48 - -1) + (1 - (251 - 229))
28
Calculate (1 - -167) + (-1099 - -1010).
79
What is the value of 2 - (7 - 9) - (23 + -14 - 2)?
-3
Calculate (8 - -8) + 20 + -14 + -65.
-43
75 + (-37 - 19) + 54
73
Evaluate -77 + ((8 + -1 - (-38 - -24)) + -3 - 8).
-67
Calculate -249 + 255 + (-2 - -2) + 64.
70
Calculate 15 - (46 + -48 + 23).
-6
What is the value of -58 + (55 - 43) - -69?
23
Evaluate (44 + -45 - (3 + (82 - (7 + -14)))) + -13.
-106
What is 1 - -6 - (-14 + 50 + -30 + 4) - -68?
65
Calculate 36 + (14 + 16 + 18 - 19).
65
What is the value of (16 - (-47 + -10)) + -139?
-66
What is the value of 22 + -119 + (23 - 8 - 12) + 23?
-71
What is 24 + -2 + (458 - 461) - -11?
30
What is the value of (60 - (8 + -3 + 3)) + -11 + -1 + 13?
53
What is (-1 - -3) + (-93 + 61 - 31)?
-61
Evaluate 28 + (73 - 85 - 78).
-62
What is the value of -18 + -2 + 7 + (-291 - -291)?
-13
What is -83 + 9 - (7 + -9 + -13)?
-59
What is -2196 + 2081 + 56 + 1?
-58
Evaluate -30 + -1 - (2682 - 2740).
27
Calculate (5 + 7 - 9 - 0) + (-5 - (-64 - -3)).
59
What is the value of (-23 - -12) + 14 + (11 - (1 - (2 + -2)))?
13
Evaluate -2 - 90 - (-120 - (-124 - -8)).
-88
What is the value of 175 - (-76 + (-19 - -50) - -84)?
136
What is 0 - (24 - (3 + 29 - -3))?
11
What is 6 - (2 + -7 - (-18 - -18) - (14 + -41))?
-16
What is 16 - (-28 + (36 - -33))?
-25
Evaluate -7658 + 7692 - (-2 + 2 + 161).
-127
Evaluate -6 + (-30 - (19 - 66)).
11
Calculate 137 + (-103 - 15) + 0 + 33.
52
-20 + 7 + 42 - (3 + -2 + 11)
17
What is (90 - 112) + 3 + 2 + (-6 - -3)?
-20
What is -9456 + 9467 - ((14 - 1) + 1)?
-3
Calculate 3 - (-4 - (-26 - -10) - 11).
2
-14 + (-3 + 38 - (22 + 1))
-2
What is -2 + 141 + -2 + 231 + -274 + 21?
115
77 + (-67 - -65) - 87
-12
21 + (12 - (5 - 5)) + 4 - 2
35
What is (899 - 826) + (-1 - -5) + -9?
68
Calculate -3 + -19 - (-47 + -18 + 58).
-15
67 + (-1 + -18 - (-134 + 47 + 68))
67
Calculate (-39 - -5) + 142 + -99.
9
What is the value of 52 - (14 + 173) - -63?
-72
What is the value of -14 - (-67 - (15 + 0)) - (44 + -65)?
89
What is 59 + (77 - 135) - 6 - (-1 - -8)?
-12
Evaluate -1 + 40 + (-10 - 30 - -48).
47
Calculate (-34 - (-60 + 32)) + -11.
-17
2 - -11 - (15 + (-24 - -33)) - -35
24
What is the value of (22 + 6 + 3 + -17 - -8) + 1 + -11?
12
-51 - (-12 - -6 - (0 - (1 + -3)))
-43
What is the value of (1 - -2) + (-2 - 25) - (-248 - -249)?
-25
What is -3 - (56 + -26 + -19 - (-1 + -21 - 0))?
-36
-73 - 0 - (8 + -30 - (-18 - 13))
-82
What is (12 - (-13 - (-22 + -14))) + -42?
-53
What is the value of 16 + (-11 - -3) + 1 + 4?
13
24 + 24 + -26 - -21 - -15
58
What is the value of (16 - 1) + (-603 - -632)?
44
Evaluate -354 - -267 - (-191 + -1).
105
Calculate 9 + -5 + -2 - 4 - (-33 + 41).
-10
-14 - ((-35 - 14) + 51)
-16
What is the value of 80 + 92 - 196 - (0 - 59)?
35
-54 + 3 - (-12 - 10) - -56
27
What is the value of 7 + -19 + 9 - (5 + -32)?
24
What is the value of -16 + (-3 + 17 - 0 - (1 + (6 - -3)))?
-12
What is the value of -98 - (-67 - -56) - -144?
57
Evaluate 14 + -1 + -2356 + 2443 + -13.
87
Evaluate (14 - (-8 - -23)) + 55 + -13 + 1.
42
What is the value of (-88 - -176 - 101 - (-1 + -56)) + 0 + 4?
48
Evaluate -18 - 36 - (-123 - -41).
28
Evaluate (15 - 28 - -8 - 5